 -3*d - s = -6*d + 46. Calculate the remainder when y is divided by d.
12
Suppose 195*h = 184*h + 33. Suppose 5*v = h - 8, 4*g - 365 = -3*v. What is the remainder when g is divided by 29?
5
What is the remainder when 370 is divided by -6*12*(-8)/16?
10
Suppose -582 = 34*o - 46*o + 3942. Let q(i) = -i**3 + 15*i**2 - 6*i + 10. What is the remainder when o is divided by q(14)?
11
Calculate the remainder when 981 is divided by 205/(-10)*-1*(-1 + 5).
79
Calculate the remainder when 476 is divided by (-1)/((2 - -1)/(-1425)) - 10.
11
Let m(t) = -t + 26. Calculate the remainder when m(4) is divided by (-6)/((-18)/(-5))*-3.
2
Let m = -207 - -1049. Suppose 4*q - m = 302. What is the remainder when q is divided by 98?
90
Let v = 10145 + -9316. Calculate the remainder when v is divided by 60.
49
Let r = -108 - -30. What is the remainder when 52/r - (658/(-3))/2 is divided by 59?
50
Let s(u) = -329*u - 2625. What is the remainder when s(-27) is divided by 29?
23
Suppose -2*w - 7 = -3, 0 = -2*b + 2*w + 18. Suppose -3*q = -6*q + 126. Let j = q + -10. What is the remainder when j is divided by b?
4
Let n(i) = 10*i - i**2 + 4*i - 3*i + 5 + 4*i. Let k be n(7). Suppose -b + 2*b - k = 0. Calculate the remainder when b is divided by 21.
19
Let y be (-9 - -6)*5/(-3). Suppose -3*l + 3*u = -606, 3*l - y*u - 232 = 382. Calculate the remainder when 21 is divided by l/(-18)*(0 - 1).
10
Suppose 4*s = 10 + 2. Suppose -s*g + 49 = -410. What is the remainder when g is divided by 22?
21
Let c = -2847 - -3099. Calculate the remainder when c is divided by 131.
121
Let i(f) = 7*f**2 - 10*f - 10. Calculate the remainder when i(3) is divided by 2*3/15 + 116/10.
11
Let m(g) = -3*g**2 + 9*g + 1. Let d be m(5). Let a(o) = -19*o + 3. Let q be a(-2). Let b = q + d. Calculate the remainder when 45 is divided by b.
9
Let a = 807 - 803. Suppose 0*p - a*n - 410 = -2*p, -2*p + n + 425 = 0. Calculate the remainder when p is divided by 31.
29
What is the remainder when (2 - 6) + -9 + 327 is divided by 92?
38
Let m(o) = -o**2 + 21*o - 89. Suppose -12*q + 27*q = 135. Calculate the remainder when 93 is divided by m(q).
17
Suppose s - 1181 = 2*d + 1526, -3*d + 8085 = 3*s. Calculate the remainder when s is divided by 17.
13
Suppose -5*k + k = -140. Suppose 582*p - 252 = 564*p. What is the remainder when k is divided by p?
7
Let b(a) = -6*a - 47. Let u be b(-16). Let t = u - 21. What is the remainder when 167 is divided by t?
27
Suppose 5*f = -2*h, -3*h - 5 - 10 = 0. Suppose -7*l = -2*l + 15, -f*m + 2*l + 22 = 0. What is the remainder when (14 - 13)*-1*20/(-2) is divided by m?
2
Suppose 5*c = -3*l - l + 54, -3*l = -c - 31. Let s(h) = -2*h**3 - 5*h**2 - 4*h. Calculate the remainder when s(-3) is divided by l.
10
Let l be 10*(42/(-12) + 2/(-4)). What is the remainder when (-480)/(-14) + l/140 is divided by 12?
10
Let m be ((-1611)/27)/(3/9). Let i = m - -206. Calculate the remainder when i is divided by 17.
10
Let q(m) = 2*m**2 - 3*m - 2. Let u be q(2). Suppose 3*r - 366 = -2*a, u*a + 2*r = -4*a + 716. Calculate the remainder when a is divided by 36.
33
Suppose 112 = -3*t + 7*t. Suppose -t = 3*y + 4*r + 40, -r + 25 = -y. Let k(x) = x**2 + 21*x - 58. What is the remainder when 54 is divided by k(y)?
12
Suppose 4*b = -3*j + 306, 146 = -12244*j + 12245*j + 5*b. Let u = 280 + -12. What is the remainder when u is divided by j?
10
Let y(q) = 71*q**2 - 1. Let b(o) = o**3 + 2*o**2 - o. Let j be b(1). Suppose -101 = j*r - 103. Calculate the remainder when y(r) is divided by 8.
6
Suppose 67 = 3*g - m, -5*g + 2*m + 57 = -56. Calculate the remainder when 3/g - 30571/(-133) is divided by 11.
10
Suppose -192*c = -188*c - 8. Suppose c*b - 5*o = 581, 0 = -5*b + 2*o + 675 + 725. What is the remainder when b is divided by 47?
43
Let o = 30 + -30. Suppose 9*h + 273 + 645 = o. Let x = -73 - h. Calculate the remainder when 84 is divided by x.
26
Let m(y) = 3*y**2 - 23*y - 1852. Calculate the remainder when m(35) is divided by 171.
163
Calculate the remainder when ((-19)/(-4))/(-32 + 37130/1160) is divided by 213.
125
Let g(o) = -7*o + 41. Let x be g(5). Suppose -w = -5*v + 9, -x*w + 4 = -7*w. Calculate the remainder when 17 is divided by v.
0
Let a = -3533 + 3694. Calculate the remainder when a is divided by 30.
11
Let w = 32027 - 31749. Calculate the remainder when 4724 is divided by w.
276
Suppose 13*b + 2 = 11*b. Let u be (((-2)/(-6))/b)/((-12)/1116). Suppose -33*g + u*g + 146 = 0. What is the remainder when g is divided by 38?
35
Let f(p) = -8*p + 96. Let j be f(38). Let b = j - -248. What is the remainder when 69 is divided by b?
29
Calculate the remainder when 1*0/(18/(-2)) - -1221 is divided by 404.
9
Let f be (1/4*2)/(1/758). Let k = f - 273. Calculate the remainder when k is divided by 38.
30
Suppose -p = -6*p - 2*i + 282, 3*i = p - 70. Let f(b) = -128*b + 57*b - 7 + 58*b - b**2. What is the remainder when p is divided by f(-5)?
25
Let p = 8371 + -8229. What is the remainder when 226 is divided by p?
84
Let c = 1033 + -1032. Calculate the remainder when 362 is divided by c.
0
Suppose 4*c - 674 + 274 = -4*h, 3*c - 300 = -2*h. What is the remainder when 126 is divided by c?
26
Let x = 25275 - 24421. Calculate the remainder when x is divided by 108.
98
Let i = 70 + -8. Suppose -20*g + 46 = -18*g. Suppose -2*y - 2*f + 44 = 0, -3*y - f + 89 = g. Calculate the remainder when i is divided by y.
18
Let x(b) = -b + 20. Let g = -209 + 234. Let i(s) = -6*s + 162. What is the remainder when x(0) is divided by i(g)?
8
Suppose 0*d - 25 = 5*d, -2*y = 2*d - 98. Suppose 2*g + y = 2*n, -5*n = g - 74 - 43. What is the remainder when n is divided by 9?
6
Let d = -36294 - -36305. What is the remainder when 3270 is divided by d?
3
Let k = 149 - 149. Suppose 70*p - 22*p - 2976 = k. Suppose -8 = -3*l + 2*l. What is the remainder when p is divided by l?
6
Suppose 4*c + 18 = n - 133, 0 = -4*n + 2*c + 590. Calculate the remainder when 258 is divided by n.
111
Suppose -22*z + 8770 = -z - 113. What is the remainder when z is divided by 31?
20
Suppose -3*w = 44 - 200. Let y = w - 22. Let t = 57 + -46. What is the remainder when y is divided by t?
8
Let h(o) = -1. Let m(v) = -20*v - 6. Let b(r) = 3*h(r) - m(r). What is the remainder when b(5) is divided by (20 + -1 - 7)*(-2 + 65/20)?
13
Suppose 0 = 4*s - 2*g - 162, 80*s - 75*s + 4*g - 235 = 0. Calculate the remainder when 553 is divided by s.
37
Let i = -74 - -109. Let v = 26 + -14. Suppose -2*j + 3*j = v. Calculate the remainder when i is divided by j.
11
Let h = 22 + 1. Let n = h - -21. Let b = -973 + 985. Calculate the remainder when n is divided by b.
8
Suppose 29*u + 884 + 682 = 0. What is the remainder when (6 - 22/6)/((-2)/u) is divided by 28?
7
Let p(s) = 8*s + 84. Let o be p(-10). Let i be (5/(-20))/(1/o) + -6. What is the remainder when 69 is divided by ((-25)/2)/(i/14)?
19
Let y(v) = 4*v**2 - 60*v - 118. Calculate the remainder when 1042 is divided by y(-2).
16
Let k(p) = 4*p - 60. Let y be k(40). Suppose -5*c + 5*f = -y, 2*f - 31 = -4*c + 31. Calculate the remainder when 220 is divided by c.
16
What is the remainder when 2245/(((-225)/5)/(-9)) is divided by 240?
209
Suppose -2*y = -0*y, 135 = 5*a + 2*y. What is the remainder when 700/9 - (-1764)/7938 is divided by a?
24
Let j be (-468)/(-90) - 2/10. Suppose -3*w = -j*w - 24. Calculate the remainder when (-716)/(-5) - w/(-60) is divided by 29.
27
Suppose 96 = 2*a - 5*m, -67*a = -63*a + 5*m - 222. What is the remainder when 427 is divided by a?
3
Suppose -5*o + 7*o + 228 = 0. Let d = -98 - o. Let p = 34 - d. Calculate the remainder when 33 is divided by p.
15
Let w = 736 + -566. Suppose -5*z + 7*t - 8*t + 425 = 0, 0 = -2*z + 2*t + w. Calculate the remainder when 506 is divided by z.
81
Let n = 73 + -61. Suppose n = -3*g - w + 99, 4*g - w = 109. Let j(r) = 9*r**2 - 4*r + 9. What is the remainder when j(4) is divided by g?
25
Suppose 5*x = 11*m - 6*m - 60, -5*x = 4*m - 48. Suppose 44 + 16 = m*t. Calculate the remainder when 17 is divided by t.
2
Let a = -4 - -4. Let m be a - 1 - (-4 - 2)/(-2). Calculate the remainder when (225/6)/(-3 + (-14)/m) is divided by 11.
9
Let s = -8253 + 8279. Calculate the remainder when 974 is divided by s.
12
Let b(v) = -v**2 - 19*v - 22. Let u(k) = 2*k + 16. Let d be u(-6). Suppose d*n - 17 = -77. W